{"id":18123,"date":"2026-08-18T04:35:23","date_gmt":"2026-08-18T04:35:23","guid":{"rendered":"https:\/\/damianlescas.art\/?post_type=product&#038;p=18123"},"modified":"2026-08-18T04:35:23","modified_gmt":"2026-08-18T04:35:23","slug":"reflejos-en-el-agua","status":"publish","type":"product","link":"https:\/\/damianlescas.art\/en\/producto\/reflejos-en-el-agua\/","title":{"rendered":"Reflejos en el agua"},"content":{"rendered":"<p>Reflejos en el agua (Homenaje a Claude Debussy)<\/p>\n<p>Dami\u00e1n Lescas<\/p>\n<p>Oleo sobre tela en formato medall\u00f3n<\/p>\n<p>31 cm de di\u00e1metro<\/p>\n","protected":false},"excerpt":{"rendered":"<p>Reflejos en el agua (Homenaje a Claude Debussy) Dami\u00e1n Lescas Oleo sobre tela en formato medall\u00f3n 31 cm de di\u00e1metro<\/p>\n","protected":false},"featured_media":18127,"template":"","meta":[],"product_brand":[],"product_cat":[160],"product_tag":[],"class_list":["post-18123","product","type-product","status-publish","has-post-thumbnail","product_cat-oleo","first","instock","shipping-taxable","purchasable","product-type-simple"],"_links":{"self":[{"href":"https:\/\/damianlescas.art\/en\/wp-json\/wp\/v2\/product\/18123","targetHints":{"allow":["GET"]}}],"collection":[{"href":"https:\/\/damianlescas.art\/en\/wp-json\/wp\/v2\/product"}],"about":[{"href":"https:\/\/damianlescas.art\/en\/wp-json\/wp\/v2\/types\/product"}],"version-history":[{"count":1,"href":"https:\/\/damianlescas.art\/en\/wp-json\/wp\/v2\/product\/18123\/revisions"}],"predecessor-version":[{"id":18136,"href":"https:\/\/damianlescas.art\/en\/wp-json\/wp\/v2\/product\/18123\/revisions\/18136"}],"wp:featuredmedia":[{"embeddable":true,"href":"https:\/\/damianlescas.art\/en\/wp-json\/wp\/v2\/media\/18127"}],"wp:attachment":[{"href":"https:\/\/damianlescas.art\/en\/wp-json\/wp\/v2\/media?parent=18123"}],"wp:term":[{"taxonomy":"product_brand","embeddable":true,"href":"https:\/\/damianlescas.art\/en\/wp-json\/wp\/v2\/product_brand?post=18123"},{"taxonomy":"product_cat","embeddable":true,"href":"https:\/\/damianlescas.art\/en\/wp-json\/wp\/v2\/product_cat?post=18123"},{"taxonomy":"product_tag","embeddable":true,"href":"https:\/\/damianlescas.art\/en\/wp-json\/wp\/v2\/product_tag?post=18123"}],"curies":[{"name":"wp","href":"https:\/\/api.w.org\/{rel}","templated":true}]}}

<p>Reflejos en el agua (Homenaje a Claude Debussy)</p>
<p>Damián Lescas</p>
<p>Oleo sobre tela en formato medallón</p>
<p>31 cm de diámetro</p>

<p>Reflejos en el agua (Homenaje a Claude Debussy) Damián Lescas Oleo sobre tela en formato medallón 31 cm de diámetro</p>
